{"id":751,"date":"2026-01-25T21:09:23","date_gmt":"2026-01-25T21:09:23","guid":{"rendered":"https:\/\/cbpa.cl\/?page_id=751"},"modified":"2026-03-09T20:58:46","modified_gmt":"2026-03-09T20:58:46","slug":"brigadas-juveniles","status":"publish","type":"page","link":"https:\/\/cbpa.cl\/index.php\/brigadas-juveniles\/","title":{"rendered":"Brigadas Juveniles"},"content":{"rendered":"\n<div class=\"alignwide mzb-section mzb-section-56077d11 alignwide\"><div class=\"mzb-container\"><div class=\"mzb-section-inner is-horizontal justify-center align-center\">\n<div class=\"mzb-column mzb-column-ef63734b\"><div class=\"mzb-column-inner\">\n<p class=\"mzb-paragraph mzb-paragraph-71418d26\">Las Brigadas Juveniles del Cuerpo de Bomberos Puente Alto son un espacio para formar personas solidarias, honestas, responsables y comprometidas con la sociedad. Est\u00e1n dirigidas a ni\u00f1os, ni\u00f1as y adolescentes entre 14 y 18 a\u00f1os de edad, quienes a trav\u00e9s del juego y de la \u00abformaci\u00f3n bomberil\u00bb refuerzan distintos valores como el respeto y la tolerancia para una sana convivencia.<br>El a\u00f1o 2024 se trabaj\u00f3 junto a los instructores de Primera y Tercera Compa\u00f1\u00eda en la planificaci\u00f3n de las actividades, siendo el objetivo principal la creaci\u00f3n del Reglamento de Brigadas Juveniles. Esta gesti\u00f3n busca dar una mayor formalidad y claridad respecto de estos espacios para que las Compa\u00f1\u00edas los puedan incorporar en su vida bomberil.<br>Otro de los hitos m\u00e1s relevantes del a\u00f1o fue la actualizaci\u00f3n del Procedimiento de Aspirantes a Bombero Voluntario, el cual incluy\u00f3 por primera vez la calidad de \u00abCadete\u00bb para aquellos brigadieres que al cumplir 18 a\u00f1os de edad quieran pertenecer a la instituci\u00f3n, siendo una alternativa de ingreso frente a los procesos tradicionales.<\/p>\n<\/div><\/div>\n<\/div><\/div><\/div>\n\n\n\n<div class=\"alignwide mzb-section mzb-section-0c4a0797 alignwide\"><div class=\"mzb-container\"><div class=\"mzb-section-inner is-horizontal justify-center align-center\">\n<div class=\"mzb-column mzb-column-d1d0ae4b\"><div class=\"mzb-column-inner\">\n<figure class=\"mzb-image mzb-image-df9edd99\"><img loading=\"lazy\" decoding=\"async\" width=\"720\" height=\"480\" class=\"wp-image-755 hover-effect-static filter-none mask mask-none\" src=\"https:\/\/cbpa.cl\/wordpress\/wp-content\/uploads\/2026\/01\/DSC_3504-1.jpg\" alt=\"\" srcset=\"https:\/\/cbpa.cl\/wordpress\/wp-content\/uploads\/2026\/01\/DSC_3504-1.jpg 720w, https:\/\/cbpa.cl\/wordpress\/wp-content\/uploads\/2026\/01\/DSC_3504-1-300x200.jpg 300w\" sizes=\"auto, (max-width: 720px) 100vw, 720px\" \/><figcaption><em>Desfile comunal de Fiestas Patrias, 2024.<\/em><\/figcaption><\/figure>\n<\/div><\/div>\n\n\n\n<div class=\"mzb-column mzb-column-7d9c9a5e\"><div class=\"mzb-column-inner\">\n<figure class=\"mzb-image mzb-image-d6399c3a\"><img loading=\"lazy\" decoding=\"async\" width=\"720\" height=\"480\" class=\"wp-image-756 hover-effect-static filter-none mask mask-none\" src=\"https:\/\/cbpa.cl\/wordpress\/wp-content\/uploads\/2026\/01\/DSC_6641-1.jpg\" alt=\"\" srcset=\"https:\/\/cbpa.cl\/wordpress\/wp-content\/uploads\/2026\/01\/DSC_6641-1.jpg 720w, https:\/\/cbpa.cl\/wordpress\/wp-content\/uploads\/2026\/01\/DSC_6641-1-300x200.jpg 300w\" sizes=\"auto, (max-width: 720px) 100vw, 720px\" \/><figcaption><em>D\u00eda del Patrimonio, 2024.<\/em><\/figcaption><\/figure>\n<\/div><\/div>\n\n\n\n<div class=\"mzb-column mzb-column-a9dd50e6\"><div class=\"mzb-column-inner\">\n<figure class=\"mzb-image mzb-image-259e0116\"><img loading=\"lazy\" decoding=\"async\" width=\"720\" height=\"480\" class=\"wp-image-757 hover-effect-static filter-none mask mask-none\" src=\"https:\/\/cbpa.cl\/wordpress\/wp-content\/uploads\/2026\/01\/DSC_3514-1.jpg\" alt=\"\" srcset=\"https:\/\/cbpa.cl\/wordpress\/wp-content\/uploads\/2026\/01\/DSC_3514-1.jpg 720w, https:\/\/cbpa.cl\/wordpress\/wp-content\/uploads\/2026\/01\/DSC_3514-1-300x200.jpg 300w\" sizes=\"auto, (max-width: 720px) 100vw, 720px\" \/><figcaption><em>Desfile comunal de Fiestas Patrias, 2024.<\/em><\/figcaption><\/figure>\n<\/div><\/div>\n<\/div><\/div><\/div>\n\n\n\n<p><\/p>\n","protected":false},"excerpt":{"rendered":"","protected":false},"author":1,"featured_media":0,"parent":0,"menu_order":0,"comment_status":"closed","ping_status":"closed","template":"","meta":{"footnotes":""},"class_list":["post-751","page","type-page","status-publish","hentry"],"magazineBlocksPostFeaturedMedia":{"thumbnail":false,"medium":false,"medium_large":false,"large":false,"1536x1536":false,"2048x2048":false},"magazineBlocksPostAuthor":{"name":"admin","avatar":"https:\/\/secure.gravatar.com\/avatar\/9655eddb6294cf7a6bcf0c63fbf1e0804e660cb95bbb849bcc096ef32fe0d87b?s=96&d=mm&r=g"},"magazineBlocksPostCommentsNumber":false,"magazineBlocksPostExcerpt":"","magazineBlocksPostCategories":[],"magazineBlocksPostViewCount":0,"magazineBlocksPostReadTime":1,"_links":{"self":[{"href":"https:\/\/cbpa.cl\/index.php\/wp-json\/wp\/v2\/pages\/751","targetHints":{"allow":["GET"]}}],"collection":[{"href":"https:\/\/cbpa.cl\/index.php\/wp-json\/wp\/v2\/pages"}],"about":[{"href":"https:\/\/cbpa.cl\/index.php\/wp-json\/wp\/v2\/types\/page"}],"author":[{"embeddable":true,"href":"https:\/\/cbpa.cl\/index.php\/wp-json\/wp\/v2\/users\/1"}],"replies":[{"embeddable":true,"href":"https:\/\/cbpa.cl\/index.php\/wp-json\/wp\/v2\/comments?post=751"}],"version-history":[{"count":0,"href":"https:\/\/cbpa.cl\/index.php\/wp-json\/wp\/v2\/pages\/751\/revisions"}],"wp:attachment":[{"href":"https:\/\/cbpa.cl\/index.php\/wp-json\/wp\/v2\/media?parent=751"}],"curies":[{"name":"wp","href":"https:\/\/api.w.org\/{rel}","templated":true}]}}