{"id":739,"date":"2026-03-06T02:49:30","date_gmt":"2026-03-06T02:49:30","guid":{"rendered":"https:\/\/cbpa.cl\/?page_id=739"},"modified":"2026-04-05T14:49:16","modified_gmt":"2026-04-05T14:49:16","slug":"cuarta-compania","status":"publish","type":"page","link":"https:\/\/cbpa.cl\/index.php\/cuarta-compania\/","title":{"rendered":"Cuarta Compa\u00f1\u00eda"},"content":{"rendered":"\n<figure class=\"mzb-image mzb-image-01916730\"><img loading=\"lazy\" decoding=\"async\" class=\"wp-image-1399 hover-effect-static filter-none mask mask-none\" src=\"https:\/\/cbpa.cl\/wordpress\/wp-content\/uploads\/2026\/03\/INSIGNIA4.png\" alt=\"\" height=\"300\" width=\"300\" srcset=\"https:\/\/cbpa.cl\/wordpress\/wp-content\/uploads\/2026\/03\/INSIGNIA4.png 300w, https:\/\/cbpa.cl\/wordpress\/wp-content\/uploads\/2026\/03\/INSIGNIA4-150x150.png 150w\" sizes=\"auto, (max-width: 300px) 100vw, 300px\" \/><\/figure>\n\n\n\n<div class=\"alignwide mzb-section mzb-section-96b6d6ea alignwide\"><div class=\"mzb-container\"><div class=\"mzb-section-inner is-horizontal justify-center align-center\">\n<div class=\"mzb-column mzb-column-0e08e270\"><div class=\"mzb-column-inner\">\n<div class=\"mzb-section mzb-section-7f239304\"><div class=\"mzb-container\"><div class=\"mzb-section-inner is-horizontal justify-center align-center\">\n<div class=\"mzb-column mzb-column-12933010\"><div class=\"mzb-column-inner\">\n<p class=\"mzb-paragraph mzb-paragraph-a57459c5\"><strong>Nuestra Historia<\/strong><br><br>La Cuarta Compa\u00f1\u00eda de Bomberos Puente Alto, conocida como \u201c<strong>Bomba Cordillera<\/strong>\u201d, fue fundada el 16 de Octubre de 1980 por don Manuel Sayes Sayes, y Don Juan Apiolaza Olea. Nuestro primer cuartel ubicado en Elisa Correa fue el inicio de nuestra historia, esto como respuesta al acelerado crecimiento urbano y poblacional de la comuna de Puente Alto. Su creaci\u00f3n permiti\u00f3 fortalecer la cobertura operacional del Cuerpo de Bomberos Puente Alto, especialmente en sectores cercanos a la precordillera, donde el acceso y la extensi\u00f3n territorial exig\u00edan una presencia bomberil permanente. Desde sus inicios, la Compa\u00f1\u00eda se ha caracterizado por su esp\u00edritu de servicio, compromiso comunitario y vocaci\u00f3n voluntaria, convirti\u00e9ndose r\u00e1pidamente en un pilar fundamental para la seguridad de la comuna.<\/p>\n\n\n\n<figure class=\"mzb-image mzb-image-63faf8e9\"><img loading=\"lazy\" decoding=\"async\" class=\"wp-image-1184 hover-effect-static filter-none mask mask-none\" src=\"https:\/\/cbpa.cl\/wordpress\/wp-content\/uploads\/2026\/03\/4ta-cia.jpg\" alt=\"\" height=\"479\" width=\"673\" srcset=\"https:\/\/cbpa.cl\/wordpress\/wp-content\/uploads\/2026\/03\/4ta-cia.jpg 673w, https:\/\/cbpa.cl\/wordpress\/wp-content\/uploads\/2026\/03\/4ta-cia-300x214.jpg 300w\" sizes=\"auto, (max-width: 673px) 100vw, 673px\" \/><\/figure>\n\n\n\n<p class=\"mzb-paragraph mzb-paragraph-767f185a\">A lo largo de su historia, la Cuarta Compa\u00f1\u00eda ha desarrollado un rol relevante en la atenci\u00f3n de incendios estructurales, emergencias con rescate, apoyo en accidentes de tr\u00e1nsito y diversas situaciones de riesgo que afectan a la poblaci\u00f3n, hoy en d\u00eda Nuestro cuartel esta ubicado en Barquito 2820 , Esquina Luis Mate Larra\u00edn, esta ubicaci\u00f3n estrat\u00e9gica nos da un amplio abanico de cubrimiento en la comuna de Puente Alto.<br><br>En el a\u00f1o de 2014 inicia su camino a especializarse en materiales peligrosos (HAZMAT) lo que logra y se consolida en los a\u00f1os como un aporte valioso a la respuesta de este tipo de emergencias en la comuna de Puente Alto y Pirque.\u00a0<\/p>\n\n\n\n<figure class=\"mzb-image mzb-image-3508c56f\"><img loading=\"lazy\" decoding=\"async\" class=\"wp-image-1183 hover-effect-static filter-none mask mask-none\" src=\"https:\/\/cbpa.cl\/wordpress\/wp-content\/uploads\/2026\/03\/ut4.jpg\" alt=\"\" height=\"677\" width=\"903\" srcset=\"https:\/\/cbpa.cl\/wordpress\/wp-content\/uploads\/2026\/03\/ut4.jpg 903w, https:\/\/cbpa.cl\/wordpress\/wp-content\/uploads\/2026\/03\/ut4-300x225.jpg 300w, https:\/\/cbpa.cl\/wordpress\/wp-content\/uploads\/2026\/03\/ut4-768x576.jpg 768w\" sizes=\"auto, (max-width: 903px) 100vw, 903px\" \/><\/figure>\n\n\n\n<p class=\"mzb-paragraph mzb-paragraph-137bb6f4\">Gracias al constante entrenamiento de sus voluntarios y voluntarias, junto con la modernizaci\u00f3n progresiva de su material mayor y equipamiento, la Bomba Cordillera ha logrado adaptarse a las nuevas exigencias operativas, manteniendo altos est\u00e1ndares de preparaci\u00f3n y respuesta. Este crecimiento ha sido posible gracias al trabajo en conjunto con las dem\u00e1s compa\u00f1\u00edas.<br><br>Hoy, con m\u00e1s de 45 a\u00f1os de servicio, la Cuarta Compa\u00f1\u00eda representa mucho m\u00e1s que una unidad de emergencia: es un espacio de formaci\u00f3n, compa\u00f1erismo y entrega desinteresada, considerado por muchos de sus miembros como un segundo hogar. Fiel a su tradici\u00f3n y a los valores institucionales del Cuerpo de Bomberos, la Bomba Cordillera contin\u00faa cumpliendo su misi\u00f3n con honor, disciplina y vocaci\u00f3n de servicio, proyect\u00e1ndose hacia el futuro con el compromiso de seguir protegiendo vidas y bienes, siempre al servicio de la comunidad de Puente Alto.<\/p>\n\n\n\n<figure class=\"mzb-image mzb-image-d8d3a82e\"><img loading=\"lazy\" decoding=\"async\" class=\"wp-image-1185 hover-effect-static filter-none mask mask-none\" src=\"https:\/\/cbpa.cl\/wordpress\/wp-content\/uploads\/2026\/03\/bh4-e1772765445136.jpg\" alt=\"\" height=\"479\" width=\"536\"\/><\/figure>\n<\/div><\/div>\n<\/div><\/div><\/div>\n<\/div><\/div>\n<\/div><\/div><\/div>\n\n\n\n<div class=\"alignwide mzb-section mzb-section-2ed562f5 alignwide\"><div class=\"mzb-container\"><div class=\"mzb-section-inner is-horizontal justify-center align-center\">\n<div class=\"mzb-column mzb-column-6336184a\"><div class=\"mzb-column-inner\">\n<div class=\"wp-block-buttons is-content-justification-center is-layout-flex wp-container-core-buttons-is-layout-a89b3969 wp-block-buttons-is-layout-flex\">\n<div class=\"wp-block-button\"><a class=\"wp-block-button__link wp-element-button\">Atr\u00e1s<\/a><\/div>\n\n\n\n<div class=\"wp-block-button\"><a class=\"wp-block-button__link wp-element-button\" href=\"https:\/\/cbpa.cl\/index.php\/quinta-compania\/\">Quinta Compa\u00f1\u00eda<\/a><\/div>\n<\/div>\n<\/div><\/div>\n<\/div><\/div><\/div>\n\n\n\n<p><\/p>\n","protected":false},"excerpt":{"rendered":"","protected":false},"author":1,"featured_media":0,"parent":0,"menu_order":0,"comment_status":"closed","ping_status":"closed","template":"","meta":{"footnotes":""},"class_list":["post-739","page","type-page","status-publish","hentry"],"magazineBlocksPostFeaturedMedia":{"thumbnail":false,"medium":false,"medium_large":false,"large":false,"1536x1536":false,"2048x2048":false},"magazineBlocksPostAuthor":{"name":"admin","avatar":"https:\/\/secure.gravatar.com\/avatar\/9655eddb6294cf7a6bcf0c63fbf1e0804e660cb95bbb849bcc096ef32fe0d87b?s=96&d=mm&r=g"},"magazineBlocksPostCommentsNumber":false,"magazineBlocksPostExcerpt":"","magazineBlocksPostCategories":[],"magazineBlocksPostViewCount":0,"magazineBlocksPostReadTime":3,"_links":{"self":[{"href":"https:\/\/cbpa.cl\/index.php\/wp-json\/wp\/v2\/pages\/739","targetHints":{"allow":["GET"]}}],"collection":[{"href":"https:\/\/cbpa.cl\/index.php\/wp-json\/wp\/v2\/pages"}],"about":[{"href":"https:\/\/cbpa.cl\/index.php\/wp-json\/wp\/v2\/types\/page"}],"author":[{"embeddable":true,"href":"https:\/\/cbpa.cl\/index.php\/wp-json\/wp\/v2\/users\/1"}],"replies":[{"embeddable":true,"href":"https:\/\/cbpa.cl\/index.php\/wp-json\/wp\/v2\/comments?post=739"}],"version-history":[{"count":0,"href":"https:\/\/cbpa.cl\/index.php\/wp-json\/wp\/v2\/pages\/739\/revisions"}],"wp:attachment":[{"href":"https:\/\/cbpa.cl\/index.php\/wp-json\/wp\/v2\/media?parent=739"}],"curies":[{"name":"wp","href":"https:\/\/api.w.org\/{rel}","templated":true}]}}