{"id":575,"date":"2026-01-24T20:50:16","date_gmt":"2026-01-24T20:50:16","guid":{"rendered":"https:\/\/cbpa.cl\/?page_id=575"},"modified":"2026-01-28T20:59:03","modified_gmt":"2026-01-28T20:59:03","slug":"tesoreria-general","status":"publish","type":"page","link":"https:\/\/cbpa.cl\/index.php\/tesoreria-general\/","title":{"rendered":"Tesorer\u00eda General"},"content":{"rendered":"\n<div class=\"alignwide mzb-section mzb-section-4c5a361b alignwide\"><div class=\"mzb-container\"><div class=\"mzb-section-inner is-horizontal justify-center align-top\">\n<div class=\"mzb-column mzb-column-0e1a0c6d\"><div class=\"mzb-column-inner\">\n<p class=\"mzb-paragraph mzb-paragraph-daa961d9\">El Voluntario Activo Sr. Cristopher Fuentes Madrid ingres\u00f3  por primera vez a la instituci\u00f3n el a\u00f1o 2004, acumulando a la fecha 11 a\u00f1os de servicio. Ha desempe\u00f1ado los cargos de Secretario, Ayudante, Inspector de Superintendencia y en la actualidad ocupa el Cargo de Tesorero General.<br>Es el encargado de administrar y gestionar los recursos financieros del Cuerpo de Bomberos, con el principal desaf\u00edo de profesionalizar el trabajo administrativo de la instituci\u00f3n.<br>Entre sus principales iniciativas lidera la implementaci\u00f3n de un software contable que optimiza el manejo del personal y apoya la gesti\u00f3n de los proyectos presentados por los Oficiales Generales. Actualmente, est\u00e1 al frente de un ambicioso proyecto que busca diversificar las fuentes de financiamiento para que las Compa\u00f1\u00edas puedan sustentar sus proyectos operativos y de infraestructura.<br>Desde la Superintendencia, a trav\u00e9s de la Tesorer\u00eda General, se han impulsado iniciativas claves para aumentar los recursos disponibles.<\/p>\n<\/div><\/div>\n\n\n\n<div class=\"mzb-column mzb-column-09905450\"><div class=\"mzb-column-inner\">\n<figure class=\"mzb-image mzb-image-6419d83d\"><img loading=\"lazy\" decoding=\"async\" width=\"2560\" height=\"2560\" class=\"wp-image-576 hover-effect-static filter-none mask mask-none\" src=\"https:\/\/cbpa.cl\/wordpress\/wp-content\/uploads\/2026\/01\/tesorero-general-scaled.jpg\" alt=\"\" srcset=\"https:\/\/cbpa.cl\/wordpress\/wp-content\/uploads\/2026\/01\/tesorero-general-scaled.jpg 2560w, https:\/\/cbpa.cl\/wordpress\/wp-content\/uploads\/2026\/01\/tesorero-general-300x300.jpg 300w, https:\/\/cbpa.cl\/wordpress\/wp-content\/uploads\/2026\/01\/tesorero-general-1024x1024.jpg 1024w, https:\/\/cbpa.cl\/wordpress\/wp-content\/uploads\/2026\/01\/tesorero-general-150x150.jpg 150w, https:\/\/cbpa.cl\/wordpress\/wp-content\/uploads\/2026\/01\/tesorero-general-768x768.jpg 768w, https:\/\/cbpa.cl\/wordpress\/wp-content\/uploads\/2026\/01\/tesorero-general-1536x1536.jpg 1536w, https:\/\/cbpa.cl\/wordpress\/wp-content\/uploads\/2026\/01\/tesorero-general-2048x2048.jpg 2048w\" sizes=\"auto, (max-width: 2560px) 100vw, 2560px\" \/><figcaption><em>Tesorero General<\/em> <em>Cristopher Fuentes Madrid<\/em><\/figcaption><\/figure>\n<\/div><\/div>\n<\/div><\/div><\/div>\n\n\n\n<div class=\"alignwide mzb-section mzb-section-cc170bc0 alignwide\"><div class=\"mzb-container\"><div class=\"mzb-section-inner is-horizontal justify-center align-center\">\n<div class=\"mzb-column mzb-column-00607c31\"><div class=\"mzb-column-inner\">\n<div class=\"wp-block-buttons is-content-justification-center is-layout-flex wp-container-core-buttons-is-layout-a89b3969 wp-block-buttons-is-layout-flex\">\n<div class=\"wp-block-button\"><a class=\"wp-block-button__link wp-element-button\" href=\"https:\/\/cbpa.cl\/index.php\/superintendencia\/\">Superintendencia<\/a><\/div>\n\n\n\n<div class=\"wp-block-button\"><a class=\"wp-block-button__link wp-element-button\" href=\"https:\/\/cbpa.cl\/index.php\/vicesuperintendencia\/\">Vicesuperintendencia<\/a><\/div>\n\n\n\n<div class=\"wp-block-button\"><a class=\"wp-block-button__link wp-element-button\" href=\"https:\/\/cbpa.cl\/index.php\/secretaria-general\/\">Secretar\u00eda General<\/a><\/div>\n\n\n\n<div class=\"wp-block-button\"><a class=\"wp-block-button__link wp-element-button\" href=\"https:\/\/cbpa.cl\/index.php\/intendencia-general\/\">Intendencia General<\/a><\/div>\n<\/div>\n<\/div><\/div>\n<\/div><\/div><\/div>\n\n\n\n<p><\/p>\n","protected":false},"excerpt":{"rendered":"","protected":false},"author":1,"featured_media":0,"parent":0,"menu_order":0,"comment_status":"closed","ping_status":"closed","template":"","meta":{"footnotes":""},"class_list":["post-575","page","type-page","status-publish","hentry"],"magazineBlocksPostFeaturedMedia":{"thumbnail":false,"medium":false,"medium_large":false,"large":false,"1536x1536":false,"2048x2048":false},"magazineBlocksPostAuthor":{"name":"admin","avatar":"https:\/\/secure.gravatar.com\/avatar\/9655eddb6294cf7a6bcf0c63fbf1e0804e660cb95bbb849bcc096ef32fe0d87b?s=96&d=mm&r=g"},"magazineBlocksPostCommentsNumber":false,"magazineBlocksPostExcerpt":"","magazineBlocksPostCategories":[],"magazineBlocksPostViewCount":0,"magazineBlocksPostReadTime":1,"_links":{"self":[{"href":"https:\/\/cbpa.cl\/index.php\/wp-json\/wp\/v2\/pages\/575","targetHints":{"allow":["GET"]}}],"collection":[{"href":"https:\/\/cbpa.cl\/index.php\/wp-json\/wp\/v2\/pages"}],"about":[{"href":"https:\/\/cbpa.cl\/index.php\/wp-json\/wp\/v2\/types\/page"}],"author":[{"embeddable":true,"href":"https:\/\/cbpa.cl\/index.php\/wp-json\/wp\/v2\/users\/1"}],"replies":[{"embeddable":true,"href":"https:\/\/cbpa.cl\/index.php\/wp-json\/wp\/v2\/comments?post=575"}],"version-history":[{"count":0,"href":"https:\/\/cbpa.cl\/index.php\/wp-json\/wp\/v2\/pages\/575\/revisions"}],"wp:attachment":[{"href":"https:\/\/cbpa.cl\/index.php\/wp-json\/wp\/v2\/media?parent=575"}],"curies":[{"name":"wp","href":"https:\/\/api.w.org\/{rel}","templated":true}]}}